). What is the highest common factor of o and 71?
71
Suppose -61*h + 57*h = 5*w - 3422, -4*h = -3*w - 3438. What is the greatest common divisor of h and 156?
78
Suppose 0 = 8*k - 121 + 49. Let a be (-2)/(-4)*(1 - -1). What is the highest common divisor of a and k?
1
Let v(r) = r**3 + 9*r**2 - 10*r + 12. Let k be -3*1*(50/15)/1. Let d be v(k). What is the highest common divisor of 9 and d?
3
Let v(q) = -q**3 - 8*q**2 - 6*q + 7. Let h be v(-7). Suppose h = -7*r + 11 + 80. What is the greatest common divisor of 39 and r?
13
Suppose 34 - 569 = -5*x. Let t = -82 + x. Calculate the highest common divisor of t and 50.
25
Suppose -118*p - 61 = -297. Suppose 0*x = -2*x + 2. Calculate the greatest common factor of p and x.
1
Suppose -3 = s - 12. Suppose 2*g - 10 = -2. Suppose g*a = 28 + 8. What is the highest common divisor of s and a?
9
Let d(c) = 18*c + 33. Let y(h) = h + 1. Let n(i) = d(i) - 15*y(i). Let j be n(0). Calculate the greatest common factor of 9 and j.
9
Let y be -3*102/63*-7. Calculate the greatest common divisor of y and 1598.
34
Suppose 136*l + 572 = 140*l. What is the highest common divisor of l and 13?
13
Suppose 0*j - 69 = -3*j. Suppose -5*l - j = -133. Suppose -2*y + 4 = -0. What is the highest common factor of y and l?
2
Let t(g) = 5 - 5*g + g**3 - 1 + 4*g**2 - 2. Let a(u) = -2*u - 10. Let h be a(-7). Let i be t(h). Calculate the highest common factor of i and 10.
10
Suppose -x + 4 - 9 = 0. Let s be 51*x/(-15) + -3. Calculate the greatest common divisor of 42 and s.
14
Let o = -56 + 64. Suppose -o + 6 = -b. What is the greatest common factor of b and 5?
1
Let c = 1087 + -951. Let k = 57 + -40. What is the highest common divisor of c and k?
17
Let y be (2*-67 + 1)/(16 - 17). What is the highest common factor of 7 and y?
7
Suppose 0 = 50*j - 10*j - 2000. What is the greatest common factor of 625 and j?
25
Let n(l) = l**3 + l**2 - l + 77. Let b be n(0). Let m = b - 32. Suppose -a + 11 = -5*w - 4, w - m = -3*a. Calculate the highest common factor of a and 30.
15
Let c = -645 + 662. Calculate the greatest common divisor of c and 1581.
17
Suppose -66 = -3*v + v. Suppose 0 = 3*g + u + 68, -2*g - 34 = 4*u + 28. Let x = 43 + g. What is the greatest common factor of x and v?
11
Let f be (3277/58)/(1/2). Calculate the highest common divisor of 452 and f.
113
Let o be 5*11 + 0 + 0. Let f = o + -41. What is the greatest common divisor of 98 and f?
14
Let k be 3/6 + (-70)/(-4). Let r(i) = -i**3 + i**2 + 1. Let l be r(-3). Suppose -l + 61 = 2*a. Calculate the highest common divisor of k and a.
6
Let j be 3 - (-6)/(-9)*-183. Suppose 31*c - 100 = 29*c. What is the greatest common divisor of c and j?
25
Suppose 2*f - 456 = -f. Let l = 26 - 7. What is the highest common factor of l and f?
19
Suppose -47441 = -395*z + 6279. Let c(d) = 14*d + 3. Let o be c(-2). Let s = 42 + o. What is the highest common divisor of z and s?
17
Let l(z) = -z**2 + 10*z - 11. Let r be l(8). Let k = 9 - r. Suppose 0 = 3*j + t - 315, -k*j + 9*j = -t + 525. What is the highest common factor of 42 and j?
21
Suppose 22 = 2*u + 32. Let v be (-3)/u + 6/((-150)/(-635)). What is the greatest common divisor of v and 65?
13
Let t(y) = 8*y - 10. Let w be t(7). Suppose 5*l = 676 - w. Suppose 54 = 67*u - 64*u. What is the greatest common divisor of l and u?
18
Let n(p) = -p**2 - 16*p - 27. Let b be n(-14). What is the highest common divisor of b and 11?
1
Let p be (-3)/(35/495 + (-2)/11). What is the greatest common factor of p and 18?
9
Let g be 1/(-2 - -3 - (2 + -2)). Let q be g*2 - (12 + -50). What is the greatest common factor of q and 4?
4
Let a(u) = u**2 - 8*u + 7. Let s be a(10). Calculate the greatest common factor of 72 and s.
9
Suppose 0 = 5*y + 4*n - 307, 2*n + 159 = 4*y - 97. Calculate the highest common divisor of 126 and y.
63
Suppose 823 + 304 = 5*x + 2*k, x + 3*k = 228. Let w be 8/12*x - -3. What is the highest common factor of w and 17?
17
Let b(g) = -2*g**3 - 2*g**2 - 4*g. Let k be b(-3). Let f = -1087 - -1103. What is the highest common divisor of f and k?
16
Let l = 8 + -3. Let q(g) = -11*g**3 + 0*g**3 - 4*g - 5*g**2 - 10 + 10*g**3. Let a be q(-5). Calculate the greatest common factor of l and a.
5
Let t(o) = 63*o + 4. Let w be t(1). Let j = w - 47. Calculate the greatest common factor of j and 8.
4
Suppose 62*i - 16946 = -2996. Calculate the highest common divisor of i and 9.
9
Suppose 104 = -12*l + 13*l. Let n = -189 + l. Let k = -49 - n. What is the highest common factor of 24 and k?
12
Let f(k) = -k**3 + 8*k**2 + 18*k - 19. Let x be f(11). Let r = -30 - x. Calculate the highest common factor of r and 14.
14
Let y(m) = -65*m - 195. Let s be y(-4). What is the highest common divisor of s and 25?
5
Let z be ((260/15)/13)/((-4)/(-126)). Suppose -f - 100 = -m, -4*m + 295 = -m - 4*f. Calculate the highest common divisor of m and z.
21
Let p = -94 - 17. Let f = 115 + p. Suppose -5*h + 78 = 28. What is the highest common divisor of h and f?
2
Let k be (-29586)/(-87) + 24/(-348). What is the greatest common factor of k and 20?
20
Let h be 65/(-13)*(-81)/5. Suppose 5*s = y - 18, -y + 3*y - s = 72. Suppose y = 4*c + a + a, 2*a - 11 = -c. What is the greatest common factor of h and c?
9
Suppose 7*p - 6*p = 1, -4*p - 16 = -2*i. Suppose i*b - 19*b = -117. What is the greatest common factor of b and 143?
13
Let d = 197 - 288. Let n = d + 117. Suppose -2*v + 308 = 4*j, -j + v = 6*v - 68. What is the highest common factor of j and n?
26
Let k(j) = 2*j. Let t be k(8). Calculate the highest common factor of 12 and t.
4
Let l be (-4)/10 - (-696)/15. Suppose -2*r = -68 - l. Let z be ((-3)/(-9) + 0)*r. Calculate the highest common factor of z and 19.
19
Let l be 324/9*(-100)/(-6). Suppose 2*o + 3*o = l. What is the greatest common divisor of o and 15?
15
Let v = 51 - 44. Let g be (1 - -1 - -33) + 0. What is the greatest common divisor of g and v?
7
Let w be (21/6 + -3)/((-1)/(-550)). Calculate the greatest common divisor of 110 and w.
55
Let d be 69*(-16)/(-96) - 1/(-2). Calculate the highest common factor of 68 and d.
4
Let r(g) = g**3 - 2*g**2 + 9*g. Let v be r(5). What is the highest common factor of v and 70?
10
Let t = -29 - -23. Let s be (224/t)/(2/(-6)). Suppose -1 = 3*v - 4, -4*j + 60 = -4*v. Calculate the greatest common divisor of j and s.
16
Let a(f) = -12*f**3 + f**2 + f. Let r be a(2). Let i be 194/18 + (-20)/r. What is the highest common divisor of 11 and i?
11
Let q = -19 + 51. Let d = 748 - 396. Calculate the greatest common factor of d and q.
32
Suppose 807 = 5*w + 3*t + 93, 2*w + 2*t = 284. Let f be ((-490)/(-294))/(10/108). Calculate the highest common divisor of f and w.
18
Suppose 80*j - 88*j + 40 = 0. Calculate the greatest common divisor of 10 and j.
5
Suppose 0 = 4*x - c - 11262, 3*c + 2152 = 3*x - 6290. Calculate the highest common factor of x and 88.
88
Suppose 206 + 2 = 4*a. Let g(z) = -z + 26. Let h be g(13). What is the greatest common factor of a and h?
13
Suppose -2*l = -2*r - 3*r + 125, 3*l = 0. Suppose 5*a + 3*s - 22 = r, 5*s = 5*a - 55. Calculate the highest common divisor of 25 and a.
5
Let l(q) = 0*q - 1 - 4*q - 29. Let x be l(-13). What is the greatest common divisor of 154 and x?
22
Suppose -o - 3*g - 62 + 277 = 0, 0 = 5*o + g - 1117. Calculate the greatest common factor of o and 168.
56
Let w(q) = -5*q**3 - 2*q**2 + q + 2. Let f be w(-1). Suppose -n = -5*h - 20, f*h + 30 = 3*n - 8. What is the greatest common divisor of n and 80?
10
Let z(t) be the second derivative of 1/2*t**2 + 1/2*t**3 + 0 - 4*t + 1/6*t**4. Let w be z(5). What is the highest common factor of 44 and w?
22
Let x be 1/2 + 1620/8. What is the highest common factor of x and 14?
7
Suppose -4*o + 3 = 2*p + 9, -o + 9 = -3*p. Suppose o = 5*c + 10 - 40. What is the greatest common divisor of c and 3?
3
Let y = 0 + 2. Suppose 3 = -r, -4*r - 24 = -y*f - 8. Suppose 3*b - 169 = -2*c - 3*c, -2*b = -f*c - 134. What is the highest common factor of 7 and b?
7
Suppose n + 0*n - 2*k - 11 = 0, 5*k = n - 20. Let f = -15 + 30. What is the greatest common divisor of n and f?
5
Let x(n) = 3*n + 3. Let k(o) = o + 1. Let w(y) = 5*k(y) - 2*x(y). Let p be w(-12). Suppose 0 = z - p - 4. What is the greatest common divisor of 3 and z?
3
Suppose -85 + 9 = -4*k - 5*a, 3*k - 84 = 3*a. Let p = -12 + 15. Su